et r be v(-3). Let d = r - 113. Suppose 0*i - d*i + 1001 = 0. List the prime factors of i.
11, 13
Let l(i) = 2*i**2 + 29*i + 23. Suppose a - 6*t - 57 = -t, -2*a + 82 = -2*t. Suppose n + a + 2 = 4*y, -n - 2*y = 9. What are the prime factors of l(n)?
2, 97
Let c(s) = 8*s**2 + 129*s + 161. What are the prime factors of c(-39)?
2, 41, 89
Let v(k) = -1228*k + 16. Let b(u) = 615*u - 7. Let t(q) = -9*b(q) - 4*v(q). What are the prime factors of t(-1)?
2, 311
Suppose -5*x = -2*h + 29 - 6, 3*x = -9. Suppose -2*g = -4*y - h*g + 178, 3*y - 144 = 2*g. Suppose -y*f = -51*f + 135. List the prime factors of f.
3
Let z(x) = 21*x**2 + 3*x - 7. Let w be (1 - 0)*((8 - -3) + -5). Suppose -4 = -5*i + w. List the prime factors of z(i).
83
Let f(q) be the third derivative of 11*q**6/30 - q**5/12 - q**4/12 + 5*q**3/3 + 84*q**2. List the prime factors of f(2).
2, 13
Let l be (5 - 1)*3/2. Suppose -200 = l*k - 10*k. Suppose -2*a = -7*a + k. List the prime factors of a.
2, 5
Let j(k) = 5*k**2 + 31*k + 389. List the prime factors of j(32).
3, 11, 197
Suppose -1377 = 5*k + 4*k. Let t = 236 + k. Let d = -74 + t. List the prime factors of d.
3
Let d be -2 + ((-1)/(5/55))/(-1). Suppose 5*f - d*q - 1640 = -4*q, -3*f - 4*q = -1012. List the prime factors of f.
2, 83
Let k(t) = t**3 - 13*t**2 - 13*t + 33. Let b = 123 + -109. What are the prime factors of k(b)?
47
Let f = 627 + -605. Suppose -2*v + 236 = -0*v. Let o = f + v. List the prime factors of o.
2, 5, 7
Suppose -4*l - 5*a + 25435 = -1656, -3*l = -a - 20304. What are the prime factors of l?
7, 967
Suppose 0 = 36*o - 42*o - 60. What are the prime factors of o/(-35) - 4798/(-14)?
7
Let q(g) = g**2 + 10*g - 8. Suppose 0 = 3*t - k - 9, 0*k - 3*k + 1 = 5*t. Let h be (-108)/10 + t*1/(-10). List the prime factors of q(h).
3
Suppose 5*j - 10 + 0 = 0. Suppose -234 = v + j*v. Let p = 177 + v. What are the prime factors of p?
3, 11
Let r(i) be the second derivative of -i**3 - 55*i**2/2 - 2*i. Let w be r(-10). Suppose 5*m = -k + 1075, w*m + 5*k = -0*m + 1055. List the prime factors of m.
2, 3
Suppose 7 = -134*h + 135*h, -44902 = -3*i + 5*h. What are the prime factors of i?
3, 4993
Suppose -35 + 20 = -5*c. Suppose 0*y - 3*v = 5*y - 10, 15 = -c*v. Suppose y*a - 663 = -q - q, q - 4 = 0. List the prime factors of a.
131
Let g = -19083 + 97965. List the prime factors of g.
2, 3, 13147
Let v(b) = -b**2 - 88*b - 281. List the prime factors of v(-74).
5, 151
Suppose -13*j = -3*j - 170. Suppose 0 = 3*q - j + 8. Suppose 3*s - 180 = 3*p, -3*s = s - q*p - 243. List the prime factors of s.
3, 7
Let w(i) = 780*i + 3532. What are the prime factors of w(56)?
2, 11, 29, 37
Let j be (-4)/(-5 - -9) - -1. Suppose j = -16*t + 4*t - 1632. Let n = t - -251. What are the prime factors of n?
5, 23
Let z(j) = j**2 + 22*j + 121. Let t be z(-12). What are the prime factors of t - -214 - (-10 - -7)?
2, 109
Suppose 0 = -x + 3*j + 9358, 0*x + 4*j - 37384 = -4*x. List the prime factors of x.
9349
Let o(j) = -2*j - 23. Let y be o(-13). Let u be 3*(-4)/y - -4. Suppose -9*g + 850 + 95 = u. What are the prime factors of g?
3, 5, 7
Suppose 2*g - 428 = 2*s, -3*g - 5*s = -7*g + 860. Suppose -5*v - 2*k + 534 = 2*k, -2*v + 2*k + g = 0. Let r = v + -20. List the prime factors of r.
2, 43
Let l = -637 + 1693. Suppose -6*o + 54 + l = 0. Let b = o + -126. What are the prime factors of b?
59
Suppose 13*o - 382 = -2137. Let i = 864 + o. List the prime factors of i.
3
Suppose 4*c - 2 = -g - 10, c = 5*g - 23. List the prime factors of -2*(g - (-1101)/(-6)).
359
Suppose 35*y - 12 = 31*y. Suppose -243 = -y*p - 7*f + 10*f, 3*f + 79 = p. What are the prime factors of p?
2, 41
Let y(d) = 1271*d + 303. Let f be y(5). Suppose -9*h - 1951 + f = 0. List the prime factors of h.
523
Let q(p) = 13 + 54 - 10*p - 2 + 6. What are the prime factors of q(-12)?
191
Let t(o) = 939*o**3 - 4*o**2 + o - 6. What are the prime factors of t(2)?
2, 1873
Let p = 673 - 673. Suppose -4*a = 5*x - 912, -5*a - 4*x + 1140 = -p*x. List the prime factors of a.
2, 3, 19
Suppose -18 + 10 = -2*l. Let g = -29 + 31. Suppose g*k = 10, -3*k - 2*k - 219 = -l*o. What are the prime factors of o?
61
Let p be -2 - (4/(-8))/(1/2). List the prime factors of p/7 - (-477)/126*60.
227
Suppose -13*w + 179 = -94. What are the prime factors of 3 - (6/w - (-4834)/(-14))?
2, 3, 29
Let a = -12962 + 39878. List the prime factors of a.
2, 3, 2243
Let i(p) = -217*p + 1038. List the prime factors of i(-69).
3, 593
Let p = -531 - -846. Let n = p + -165. Suppose 6*r + n = 534. List the prime factors of r.
2
Suppose -n = 2*k - 54012, 25192 = 3*k - n - 55806. What are the prime factors of k?
2, 23, 587
What are the prime factors of (-54386)/(2/(-16)*17 - 110/(-880))?
71, 383
Let q = -8 + 9. Let h be q - -8*(3 + 3 + -2). Suppose -z + 15 = -h. List the prime factors of z.
2, 3
Suppose 1656 = -476*q + 477*q. List the prime factors of q.
2, 3, 23
Let l be (-1)/(-3)*(-1 + 7 - 6). Suppose -n + 5*n - 8 = l. Suppose n = 5*s - 68. What are the prime factors of s?
2, 7
Suppose 0 = 5*w - 2*y + 16, 8 = -w - 4*y - 4. Let d(n) = n**3 + 5*n**2 + 4*n + 3. Let s be d(w). Suppose 51 = s*g - 87. List the prime factors of g.
2, 23
Suppose 110*x = 113*x - 6. Suppose -m + 442 = x*l, 3*m - 2*l - 379 = 947. List the prime factors of m.
2, 13, 17
Suppose 189*o = 194*o - 71518 + 25123. What are the prime factors of o?
3, 1031
Let t(s) = -s + 1. Let q(n) = -9*n + 14. Let z(f) = 5*q(f) - 40*t(f). Let i be z(-13). Let w = 15 + i. What are the prime factors of w?
2, 5, 11
Let w(u) = -2*u + 4. Let y be w(2). Suppose -11*z + 2444 + 229 = y. What are the prime factors of z?
3
Suppose d + 11 = 6. Let f = -2 - d. Suppose -f*h + 408 = h. What are the prime factors of h?
2, 3, 17
Let m(a) = -14*a**2 - 19*a + 17. Let i(u) = -12*u**2 - 17*u + 18. Let w(j) = -6*i(j) + 5*m(j). What are the prime factors of w(-13)?
2, 7
Suppose 2*j + 3*j = 0. Suppose j = -m - 4*m + 530. Suppose 3*x + x = 2*l + m, -22 = -x - l. What are the prime factors of x?
5
Suppose 0 = 44*c - 48*c + 24, 0 = -a + 5*c + 1815. What are the prime factors of a?
3, 5, 41
Let m(q) be the third derivative of -4*q**4/3 - q**3/6 - 119*q**2. List the prime factors of m(-6).
191
Let p = -1368 - -32685. What are the prime factors of p?
3, 11, 13, 73
List the prime factors of (122/(-9)*6)/(5 - 1352/270).
2, 3, 5, 61
List the prime factors of 1 + 0 + 6 + (-642 - -23)*-39.
2, 6037
Let d = 40223 + -27153. What are the prime factors of d?
2, 5, 1307
Let a(j) = 245*j + 2510. List the prime factors of a(67).
5, 757
Suppose 5*j + 303 = -4*l, -3*j + l - 60 = 115. Let s = -45 - j. Let i(x) = x**3 - 14*x**2 + 2*x + 19. List the prime factors of i(s).
47
Suppose 506*s = 542*s - 219901 - 302315. What are the prime factors of s?
2, 7253
Let d = 32 - 10. Let a = 26 - d. Suppose -a*j + 550 = 2*s, 0*j - 3*s = 2*j - 265. List the prime factors of j.
2, 5, 7
Let m(w) = -w + 48 - 11*w + 0*w - w - w. List the prime factors of m(-17).
2, 11, 13
Let z = 4855 + 32247. List the prime factors of z.
2, 13, 1427
Suppose 6*k - 2*k + 4*z - 308 = 0, 4*z - 16 = 0. Let n = k - -448. List the prime factors of n.
521
Let g = 6 - 12. Let w(h) = 5*h**3 - 17*h**2 + 3*h - 13. Let m(b) = -6*b**3 + 19*b**2 - 4*b + 13. Let n(x) = 6*m(x) + 7*w(x). List the prime factors of n(g).
41
Let i be -598 + 8 + (-5 - -1). Let c be (5 - 1)*i/(-88). List the prime factors of 3/c*-3*-156.
2, 13
Let r(b) = b**3 + 3*b**2 - 4*b - 7. Let u be r(-5). Suppose -6*x - 32*x - 4066 = 0. Let f = u - x. What are the prime factors of f?
2, 5, 7
Let c be (-10)/(-25) + (-1)/((-5)/(-392)). Let j be (c/(-18) + -5)*(-6)/4. What are the prime factors of j/2*(8 + 144)?
2, 19
Let a(u) = 48*u + 25. Let n(p) = -p**3 + p**2 + 2*p - 4. Let o be n(-2). List the prime factors of a(o).
7, 31
Suppose 0 = -134*o + 139*o - 10. What are the prime factors of o/22 + 107880/330?
3, 109
Let q(i) = 0*i**2 + 9*i - 16 + 2*i**2 + i - i**2. List the prime factors of q(-27).
443
Let z(p) be the second derivative of -16*p**3 - 25*p**2 + 16*p. Let s be z(-5). Suppose 94*b - s = 92*b. List the prime factors of b.
5, 43
Let u(o) = -3*o - 1 + 1 + 2 - o**2 + 2. Let n be u(1). Suppose -4*j = -5*q + 621, -122 = -q + 3*j - n*j. What are the prime factors of q?
5
Let c(a) = a**3 + a**2 + 2*a + 116. Let l be c(0). Let j be (l/(-5))/